test common factor of 11470 and 682.
62
What is the highest common factor of 138520 and 10?
10
Calculate the highest common divisor of 52809 and 435.
87
What is the greatest common divisor of 1592 and 4975?
199
Calculate the greatest common factor of 3038 and 26138.
14
What is the greatest common divisor of 406 and 994?
14
Calculate the greatest common divisor of 159 and 1168809.
159
Calculate the highest common divisor of 2 and 16118.
2
Calculate the highest common factor of 10152 and 12096.
216
What is the greatest common factor of 10188 and 528644?
1132
What is the highest common divisor of 113243 and 65?
13
Calculate the greatest common factor of 15070 and 150.
10
What is the greatest common factor of 102285 and 1125?
45
What is the greatest common divisor of 285312 and 5201?
743
Calculate the greatest common factor of 15196 and 3406.
262
Calculate the greatest common factor of 6808 and 3496.
184
What is the greatest common divisor of 1588 and 388?
4
What is the greatest common divisor of 590 and 25800?
10
What is the highest common factor of 3104 and 704?
32
Calculate the highest common factor of 4 and 1015298.
2
What is the greatest common divisor of 1036338 and 498?
498
Calculate the greatest common factor of 75315 and 15.
15
Calculate the greatest common divisor of 41914 and 608.
38
Calculate the highest common divisor of 4020 and 3060.
60
What is the highest common factor of 232 and 834620?
116
Calculate the greatest common divisor of 4662 and 54.
18
What is the highest common factor of 6 and 224126?
2
Calculate the greatest common factor of 169 and 1829087.
169
What is the greatest common factor of 932 and 89006?
466
Calculate the highest common divisor of 1880 and 56.
8
Calculate the greatest common factor of 690 and 20.
10
Calculate the greatest common factor of 51 and 313293.
51
What is the greatest common factor of 94835 and 65?
65
Calculate the greatest common factor of 71 and 114097.
71
Calculate the highest common factor of 376641 and 333.
9
Calculate the highest common factor of 945155 and 95.
95
What is the greatest common factor of 108 and 104058?
54
What is the greatest common divisor of 335333 and 71?
71
Calculate the highest common divisor of 11994 and 6054.
6
What is the highest common factor of 79526 and 408?
34
What is the greatest common divisor of 345778 and 996?
166
Calculate the highest common divisor of 65 and 2202317.
13
Calculate the greatest common divisor of 96129 and 99.
99
Calculate the greatest common factor of 16395 and 135.
15
What is the highest common divisor of 99 and 14223?
33
What is the highest common factor of 52 and 125432?
4
Calculate the greatest common factor of 1088 and 2839.
17
What is the greatest common factor of 1045 and 1507?
11
Calculate the greatest common divisor of 2268 and 2646.
378
What is the highest common factor of 203736 and 130?
26
Calculate the greatest common divisor of 202 and 1910617.
101
Calculate the greatest common divisor of 2024765 and 155.
155
Calculate the greatest common divisor of 1028 and 158569.
257
What is the highest common divisor of 49536 and 4672?
64
What is the greatest common factor of 1978 and 54?
2
What is the greatest common factor of 5630 and 460?
10
What is the greatest common factor of 34912 and 4?
4
What is the highest common factor of 894 and 1122417?
447
Calculate the highest common factor of 748 and 8568.
68
What is the highest common divisor of 168 and 286692?
84
What is the highest common divisor of 1179815 and 5005?
455
Calculate the highest common factor of 18 and 221922.
18
Calculate the highest common factor of 650 and 40.
10
What is the greatest common divisor of 1280 and 3760?
80
What is the greatest common factor of 43 and 30143?
43
Calculate the greatest common divisor of 70200 and 2457.
351
Calculate the highest common divisor of 123353 and 3223.
293
Calculate the greatest common divisor of 227322 and 558.
18
What is the highest common factor of 1377406 and 706?
706
What is the highest common factor of 7725 and 1275?
75
Calculate the greatest common factor of 48 and 67632.
48
Calculate the greatest common factor of 802460 and 20.
20
Calculate the greatest common divisor of 105008 and 256.
16
What is the greatest common divisor of 696080 and 33?
11
Calculate the greatest common divisor of 105789 and 136398.
537
What is the greatest common divisor of 177710 and 117?
13
Calculate the greatest common factor of 1097 and 17.
1
Calculate the highest common divisor of 49090 and 20.
10
What is the highest common factor of 103674 and 6?
6
What is the highest common factor of 4340 and 837?
31
What is the greatest common divisor of 378 and 15714?
54
What is the greatest common factor of 108 and 1098?
18
What is the greatest common divisor of 552 and 712632?
552
Calculate the greatest common factor of 9737 and 182.
91
Calculate the highest common factor of 12 and 9043944.
12
Calculate the highest common factor of 66952 and 8.
8
Calculate the greatest common factor of 252598 and 424.
106
Calculate the greatest common divisor of 167 and 757.
1
What is the greatest common divisor of 4945 and 67768?
43
What is the greatest common factor of 35047 and 505?
101
Calculate the highest common factor of 67374 and 12.
6
What is the greatest common factor of 864 and 285552?
432
What is the greatest common divisor of 45 and 242685?
45
What is the greatest common factor of 4263 and 2289?
21
What is the greatest common factor of 554 and 75067?
277
What is the greatest common divisor of 18 and 160128?
18
Calculate the greatest common factor of 1480 and 100.
20
Calculate the greatest common divisor of 363 and 12804.
33
Calculate the highest common factor of 16678 and 2108.
62
Calculate the greatest common factor of 60 and 1243404.
12
What is the greatest common factor of 864 and 40128?
96
What is the highest common divisor of 137 and 216323?
137
What is the greatest common factor of 6089 and 3?
1
Calculate the greatest common factor of 312533 and 261.
29
What is the highest common divisor of 92175 and 1200?
75
What is the greatest common factor of 338783 and 369?
41
What is the highest common factor of 633342 and 6?
6
Calculate the highest common factor of 99 and 935.
11
What is the greatest common divisor of 1067704 and 1936?
968
What is the greatest common divisor of 28 and 5327?
7
What is the greatest common divisor of 30 and 21400?
10
What is the highest common divisor of 936 and 761436?
468
What is the greatest common factor of 48544 and 666?
74
Calculate the greatest common factor of 948 and 300.
12
What is the highest common factor of 9531460 and 905?
905
Calculate the greatest common divisor of 55860 and 3528.
588
What is the highest common divisor of 1058 and 481919?
529
What is the greatest common divisor of 1744 and 4566664?
872
What is the greatest common divisor of 1512 and 999?
27
Calculate the highest common divisor of 705859 and 267.
89
Calculate the greatest common factor of 1352975 and 75.
25
Calculate the highest common factor of 14500 and 4060.
580
Calculate the highest common divisor of 1180 and 760510.
590
Calculate the highest common factor of 407 and 146949.
11
Calculate the highest common factor of 39094 and 121.
11
Calculate the greatest common divisor of 699 and 179.
1
What is the greatest common divisor of 304230 and 60?
30
Calculate the greatest common divisor of 910 and 277186.
182
What is the highest common factor of 573885 and 1170?
585
Calculate the highest common divisor of 2359345 and 82.
41
What is the highest common factor of 51148 and 19?
19
What is the highest common divisor of 522 and 131094?
18
What is the highest common factor of 2679 and 13677?
141
What is the greatest common divisor of 880466 and 1158?
386
What is the greatest common factor of 273 and 15344238?
273
Calculate the highest common factor of 315 and 1333530.
45
Calculate the greatest common factor of 8659 and 2940349.
1237
What is the greatest common divisor of 2319860 and 772?
772
What is the highest common factor of 1457 and 658?
47
What is the highest common factor of 72 and 177048?
72
What is the highest common factor of 3491667 and 243?
243
Calculate the greatest common factor of 324177 and 6020.
301
What is the greatest common divisor of 973 and 193